u. List the prime factors of w.
3
Suppose 5*t = 5*z - 65, -2*t + 4*z - 16 = 10. Let b = t - 2. Let k = b + 60. List the prime factors of k.
3, 5
Suppose 0 = 4*a - 4 + 76. Let b = a - -26. Suppose 4*q + 237 = b*q - v, 4*q = -3*v + 249. What are the prime factors of q?
2, 3, 5
Let g be (20/2)/(16/(-40)). Let t be 3/(-3*(-1)/38). Let o = t + g. What are the prime factors of o?
13
What are the prime factors of (-5)/3 + 1560/45?
3, 11
Let v(u) = -33*u + 1558. What are the prime factors of v(0)?
2, 19, 41
Let p(r) = -11*r - 8. Let a be p(-1). List the prime factors of a/(-1)*((-1020)/9 + 3).
331
Suppose -13*i + 26350 = -6189. List the prime factors of i.
2503
Suppose 35*u = -79*u + 266076. What are the prime factors of u?
2, 3, 389
Let p(u) = u + 2. Let x be p(1). Suppose x*k - 2*k = 3. Suppose -k*m + 14 = 4*t, 0 = 3*m - 0*t - 3*t - 42. List the prime factors of m.
2, 5
Let n be 3/(-2*((-5)/(-4) - 1)). What are the prime factors of (-3094)/(-35) - n/(-15)?
2, 11
What are the prime factors of 15/(-2)*(2088/(-15))/2?
2, 3, 29
List the prime factors of 3344/132*(-765)/(-6).
2, 5, 17, 19
Let j(u) = -u**2 + 13*u - 25. Let k be j(10). Suppose -k*d - 23 = 2. List the prime factors of d/2*1116/(-90).
31
Let q(y) = -180*y + 155. What are the prime factors of q(-11)?
5, 7, 61
Let b(h) be the third derivative of -h**4/6 + 41*h**3/6 - 10*h**2. List the prime factors of b(0).
41
Let k = -2 - -7. Suppose 0 = -p + 4*p + k*j - 168, -280 = -5*p + 4*j. What are the prime factors of p?
2, 7
Let d(s) = -495*s - 9. Let m be d(1). Let j = m - -714. What are the prime factors of j?
2, 3, 5, 7
What are the prime factors of ((-52)/130)/((-4)/(-125))*-2?
5
Let b be -1 - (3 - (1 - 3)). Let c(k) = 4*k**3 + 10*k**2 + 3*k + 5. Let a(q) = q**3 + q**2 + q + 1. Let l(g) = -3*a(g) + c(g). List the prime factors of l(b).
2, 19
What are the prime factors of 14 + -18 - (0 - 6796/2)?
2, 1697
Let a = 1273 + -888. What are the prime factors of a?
5, 7, 11
Suppose 2*o = -o - 18. Let c be (-10 - -12)*o/(-2). What are the prime factors of ((-10)/3)/((-4)/c)?
5
Let p(a) = a**3 + 9*a**2 - 12*a - 12. Let v be p(-10). Let n(l) = 6*l - 12. List the prime factors of n(v).
2, 3
Suppose 5*s - 4*v + 2 = 0, 3*s + 2 + 7 = 5*v. Suppose 2*a - 74 = -2*i, 169 + 31 = 5*i + s*a. What are the prime factors of i?
2, 3, 7
Suppose 0 = -4*w - 3*n + 27, 5*w + 2*n = -2*n + 35. Suppose w*i - 319 = 4*x, 5*x + 127 = -3*i + 464. List the prime factors of i.
109
Let z be 3/(-9) + (-80)/(-15). Suppose 0*x - 5*x + 1305 = -4*o, 2*x - 522 = z*o. Suppose -1 = m, -4*v - 4*m = -5*m - x. What are the prime factors of v?
5, 13
List the prime factors of (68/(-10))/(10/(-650)).
2, 13, 17
Suppose r + r - d + 21 = 0, r = -3*d. Let y = 229 - r. List the prime factors of y.
2, 7, 17
Suppose 6 = 14*i - 16*i. Let w(n) = -5*n**3 + n**2 + n - 3. List the prime factors of w(i).
2, 3, 23
Let b be 4/2 + (-1 - -134). Suppose 0*z - b = -5*z. Suppose z + 0 = u. List the prime factors of u.
3
Suppose s + 1440 = 4*s. What are the prime factors of (s/9)/8 + 2/(-3)?
2, 3
Suppose -2*o + 3*x + 1074 = -986, -5*o - 2*x + 5169 = 0. List the prime factors of o.
1033
Suppose -31*m + 4905 = 3*j - 36*m, j - 3*m = 1635. List the prime factors of j.
3, 5, 109
Let t = 370 - 43. What are the prime factors of t?
3, 109
What are the prime factors of (2550/(-680))/((-1)/308)?
3, 5, 7, 11
Let q(x) = x + 11. Let i be q(-11). Suppose -5*z - 50 = -i. Let l = 12 + z. What are the prime factors of l?
2
Let s = -3040 + 6319. What are the prime factors of s?
3, 1093
Let u(q) = -11*q**3 + 12*q**3 + 0*q**2 - 1 - q**2. Let g be u(-2). Let m = g - -48. List the prime factors of m.
5, 7
Let z(w) = w**3 - 5*w**2 - 3*w + 3. Let b be z(6). What are the prime factors of 6/(-21) - (-678)/b?
2
Let b(w) = -w**2 - 8*w - 6. Let u be b(-6). Suppose -88 = -7*f + u*f. Let p = f - 62. What are the prime factors of p?
2, 13
What are the prime factors of 10020/160 + (-3)/(-8)?
3, 7
Suppose -2*y - 2667 = -4*j + 1119, -4731 = -5*j + 3*y. What are the prime factors of j?
2, 3, 79
Let t = -374 + 1297. List the prime factors of t.
13, 71
Suppose -w = -5*f + 33, -7 = w + 4*f + 17. Let c be (14/w)/(1/(-20)). Suppose 0 = -9*l + c*l - 30. What are the prime factors of l?
2, 3, 5
Let v(u) = 22*u - 4. List the prime factors of v(40).
2, 3, 73
Let y = -12 - -6. Let r = y - -27. List the prime factors of r.
3, 7
Suppose 0 = 12*k - 60 - 72. Let h(d) = d**3 - 9*d**2 - 15*d + 23. List the prime factors of h(k).
2, 5
Suppose -2*s = s. Let y be -2 + (s - (-9 - -3)). Suppose 8 = 4*u + 4*t - 8, 0 = -y*u + 4*t. List the prime factors of u.
2
Suppose 0*r - 52 = 4*r. Let h(k) = k**2 + 10*k - 6. List the prime factors of h(r).
3, 11
Let o(a) = -601*a + 15. What are the prime factors of o(-3)?
2, 3, 101
Let v(c) = c - 6. Let a be v(3). Let j be (a/(-6))/(1/28). Suppose 3*h - 63 = 5*d, j = h + 2*d - 7. What are the prime factors of h?
3, 7
Suppose 12*z = 5*z + 2744. List the prime factors of z.
2, 7
Suppose 2*b - 10*b + 96 = 0. Suppose -6*l = -b*l + 60. What are the prime factors of l?
2, 5
Let c = -19 + 49. Suppose c = 3*w - 0*w. List the prime factors of 10/3*108/w.
2, 3
Let s(x) be the second derivative of x**3/3 - 19*x**2/2 - 7*x. List the prime factors of s(13).
7
Let b(o) = -o**2 - 35*o + 332. What are the prime factors of b(-29)?
2, 11, 23
Let a = -2877 - -4099. Suppose -10*x + a + 588 = 0. What are the prime factors of x?
181
Let n(q) = q**2 + 10*q + 24. Let v be n(-7). List the prime factors of v - (-16 + 6/3 + -1).
2, 3
Suppose 5*j + 0*j = 355. Let g = j + -61. List the prime factors of g.
2, 5
Let w = -723 + 1433. List the prime factors of w.
2, 5, 71
What are the prime factors of 94/329 + (-9180)/(-14)?
2, 41
Let q(t) = 2*t - 2. Let v be q(4). Let o(m) = -m**2 + 6*m + 3. Let k be o(v). Suppose -g + k*g - 16 = 0. What are the prime factors of g?
2
Let v be (-3)/6 + 50/20. Suppose 2*p + 3*o - 139 = -2*o, 133 = v*p - o. List the prime factors of p.
67
Let m = 646 + -446. Let f = 5 - 2. Suppose -4*w + f*s + s = -m, s - 97 = -2*w. What are the prime factors of w?
7
Let j(q) = 8*q + 166. Let f be j(0). Let b = -45 + f. List the prime factors of b.
11
Let x(z) be the first derivative of -15*z**2/2 - 26*z - 3. What are the prime factors of x(-6)?
2
What are the prime factors of (85 - -2440) + 1*5?
2, 5, 11, 23
Let u(h) = h**3 + 9*h**2 + 7*h - 9. Suppose 4*t + 21 = t. What are the prime factors of u(t)?
2, 5
Let p(w) = -106*w**3 + w**2 - 2*w + 3. What are the prime factors of p(-2)?
859
Let r(t) = t**2 - 2*t - 9. Let l be r(-8). Suppose 0 = 4*i + l + 101. Let w = -14 - i. What are the prime factors of w?
29
Suppose 24 = 5*t + k, 0 = t - 2*k - 3*k + 16. Let g(l) be the second derivative of l**3/6 + l**2 + l. What are the prime factors of g(t)?
2, 3
Let c(h) = -4*h**3 + h**2 - 37*h - 209. List the prime factors of c(-7).
1471
Let c(s) = s**2 - 5*s - 6. Let t be c(7). Let y = 318 - 315. Suppose 4*m = t, 137 = 5*j - y*m + 4*m. List the prime factors of j.
3
Suppose -2*d + 58 = -a + 5*a, -d = a - 16. Let j = a - 21. Let i = 31 + j. What are the prime factors of i?
23
Suppose -7*k - y + 948 = -6*k, 5*k + y = 4724. List the prime factors of k.
2, 59
What are the prime factors of 72068/129 + (-8)/(-6)?
2, 5, 7
Let x = 29 + -24. What are the prime factors of (-9 - 1)/((-2)/x)?
5
Suppose y - 5*p = 67, -2*y - p = -0*y - 123. List the prime factors of y.
2, 31
Let r = -13 - -15. Suppose 3 = r*u - 2*b + 1, -2*u = -4*b. Suppose u*s + 4*s - 84 = 0. What are the prime factors of s?
2, 7
Let p be (1/2)/((-4)/(-8)). Let h be (-2)/(-7) - 19/(-7). List the prime factors of (2 - p)*(h + 6).
3
Let a = 7 - 204. Let o = a - -444. What are the prime factors of o?
13, 19
Let l(i) = -i**3 + 14*i**2 - 9*i + 34. What are the prime factors of l(8)?
2, 173
Suppose 0 = -0*u - 8*u. Suppose 3*w - 4*v - 101 = 0, u = 2*w - 3*v - 54 - 14. What are the prime factors of w?
31
Suppose -5*b + 2678 = s, -b + 2*s - 2676 = -6*b. What are the prime factors of b?
2, 67
Let y(t) = 11*t**2 - 9*t + 8. Suppose 5*z + 4*b - 3 + 1 = 0, -5*z + 2*b = -14. What are the prime factors of y(z)?
2, 17
Let d(v) = v**2 + 14*v - 32. Let l be d(-16). Suppose l = 3*q + q - 516. What are the prime factors of q?
3, 43
Let h be (0 - -2)/(2/(-29)). Let f = -5 + 17. List the pr